19515055?
35
Calculate the highest common factor of 1540 and 160874945.
385
Calculate the highest common factor of 92792 and 2255177.
1657
What is the highest common divisor of 12712 and 148904?
56
What is the greatest common factor of 91481 and 5221?
227
What is the greatest common divisor of 22789233 and 162?
9
Calculate the highest common factor of 13875296 and 2960.
592
Calculate the highest common divisor of 18620588 and 196.
196
What is the highest common factor of 174 and 2414556?
6
Calculate the highest common factor of 126194346 and 2664.
666
Calculate the highest common divisor of 819901 and 122.
61
Calculate the highest common factor of 12694285 and 508.
127
What is the highest common divisor of 6328 and 2106916?
28
Calculate the highest common divisor of 2049236 and 868.
28
What is the greatest common divisor of 1542 and 97072498?
514
What is the highest common divisor of 5954223 and 616869?
2211
Calculate the greatest common factor of 5378441 and 2.
1
Calculate the highest common divisor of 125 and 392737375.
125
What is the highest common factor of 152 and 38762375?
19
What is the greatest common factor of 30 and 760758?
6
Calculate the greatest common divisor of 7750487 and 2771.
2771
Calculate the greatest common factor of 34012 and 76817648.
3092
What is the highest common factor of 210042949 and 155?
31
Calculate the highest common factor of 417 and 1724156.
139
What is the highest common divisor of 2805336 and 240264?
3384
Calculate the greatest common factor of 177 and 18296.
1
Calculate the greatest common divisor of 52 and 4057917656.
52
What is the highest common factor of 993564 and 1651221?
1287
Calculate the greatest common factor of 10158566 and 62175.
829
Calculate the highest common factor of 23 and 3558540312.
23
Calculate the highest common divisor of 60 and 292445310.
30
What is the greatest common factor of 74 and 42402407?
37
What is the highest common factor of 1251 and 26073?
9
Calculate the greatest common factor of 116998 and 933422.
854
Calculate the highest common divisor of 256581 and 344.
43
What is the greatest common divisor of 84207904 and 64?
32
Calculate the highest common factor of 4840 and 5131610.
1210
Calculate the highest common divisor of 80066 and 655234.
1634
Calculate the greatest common factor of 30 and 2172318.
6
Calculate the greatest common factor of 1335426776 and 8.
8
What is the highest common divisor of 23689491 and 87?
87
Calculate the highest common divisor of 1204 and 46762156.
1204
Calculate the highest common factor of 156 and 75351708.
12
What is the greatest common divisor of 370400 and 233600?
800
Calculate the highest common divisor of 6406171 and 6014.
97
What is the greatest common factor of 2735 and 364116020?
2735
What is the greatest common divisor of 927699 and 5557683?
8511
Calculate the greatest common factor of 123 and 64620.
3
Calculate the highest common factor of 692 and 5005063.
173
Calculate the highest common divisor of 53650230 and 100.
10
Calculate the highest common factor of 7840044 and 2148309.
8559
What is the highest common factor of 5271 and 552867?
21
What is the greatest common divisor of 7030 and 2011986?
1406
What is the greatest common divisor of 720040776 and 63?
21
What is the highest common factor of 12455 and 131930833?
2491
Calculate the greatest common divisor of 65615552 and 1120.
32
Calculate the highest common factor of 84231752 and 1133.
1133
Calculate the greatest common divisor of 4034 and 794661694.
4034
What is the highest common factor of 35209312 and 36108?
4012
Calculate the highest common divisor of 64630 and 244950.
230
What is the greatest common factor of 253705 and 25?
5
What is the greatest common factor of 10280 and 13059455?
1285
What is the highest common factor of 580924 and 12236?
4
Calculate the highest common factor of 1243527733 and 22197.
7399
Calculate the highest common factor of 20135504 and 48.
16
Calculate the highest common divisor of 2522340 and 18387.
81
What is the highest common factor of 25154206 and 3751?
3751
Calculate the greatest common factor of 203753 and 3113.
11
Calculate the highest common factor of 22412 and 1342.
2
Calculate the greatest common factor of 19670084 and 140.
28
What is the highest common divisor of 35581 and 283153?
299
What is the greatest common factor of 24 and 47790408?
24
Calculate the highest common factor of 257961 and 11660.
11
What is the highest common factor of 1524312 and 36504?
216
Calculate the greatest common divisor of 10800 and 944784.
432
What is the greatest common factor of 422229726 and 18?
18
What is the greatest common divisor of 37776 and 6018?
6
What is the greatest common factor of 31150 and 3889550?
350
What is the greatest common factor of 23484150 and 122475?
1725
What is the greatest common divisor of 8660 and 351163?
433
What is the highest common divisor of 281 and 24649?
1
Calculate the highest common factor of 1360691 and 96205.
271
Calculate the highest common divisor of 204344856 and 5820.
1164
What is the highest common divisor of 143227 and 25359?
79
What is the highest common factor of 151811 and 2035?
407
Calculate the greatest common factor of 3003372 and 29538.
54
What is the greatest common factor of 662254125 and 44200?
5525
Calculate the highest common divisor of 1254267 and 8211.
21
What is the greatest common divisor of 3525020 and 242640?
6740
Calculate the greatest common factor of 172591 and 124441.
107
What is the highest common factor of 7285 and 393235?
155
What is the highest common factor of 12114 and 4851?
9
What is the greatest common factor of 96683 and 160012?
109
Calculate the highest common factor of 2782208 and 68224.
1664
What is the greatest common divisor of 12745196 and 7780?
1556
Calculate the greatest common factor of 1879584 and 10056.
24
Calculate the greatest common factor of 16050921 and 1707.
1707
What is the greatest common divisor of 2102 and 3412597?
1051
What is the greatest common divisor of 5120 and 12832?
32
What is the highest common divisor of 287470 and 8721?
323
What is the greatest common factor of 303303 and 3386227?
1313
What is the greatest common divisor of 4494 and 368854038?
4494
Calculate the highest common divisor of 3239936 and 104864.
3616
What is the highest common factor of 865 and 53765?
5
Calculate the greatest common factor of 8352 and 684081.
261
Calculate the greatest common divisor of 1578962 and 11704.
154
What is the greatest common factor of 362536898 and 2?
2
Calculate the highest common factor of 280810509 and 203.
203
What is the greatest common factor of 35109 and 60389721?
747
Calculate the highest common factor of 619944 and 38298.
78
Calculate the highest common factor of 6361577 and 67909.
1151
What is the highest common factor of 43545539 and 5583?
1861
Calculate the highest common factor of 2590 and 9962540.
70
What is the highest common factor of 3762 and 1608084?
342
Calculate the highest common factor of 3885 and 3874899.
777
Calculate the greatest common factor of 94300 and 5635.
115
Calculate the highest common factor of 138 and 361374.
6
What is the highest common divisor of 107880010 and 70?
70
What is the highest common factor of 15866100 and 90?
90
What is the greatest common divisor of 2878561 and 2674?
1337
What is the greatest common divisor of 114729 and 267?
3
What is the highest common factor of 3979245 and 35?
5
What is the greatest common factor of 27629576 and 312?
104
What is the greatest common factor of 2149996 and 4964?
292
Calculate the highest common factor of 1098 and 78115502.
122
Calculate the highest common factor of 1661869 and 2431.
187
Calculate the highest common factor of 1376 and 204328.
8
Calculate the greatest common divisor of 10455 and 4740297.
2091
What is the greatest common factor of 9987365 and 125?
5
What is the greatest common divisor of 13 and 30015180?
13
Calculate the greatest common divisor of 441367 and 33226.
449
Calculate the greatest common divisor of 9457 and 475966757.
1351
Calculate the highest common factor of 21830970 and 420.
210
What is the greatest common factor of 673593 and 7254537?
5961
Calculate the greatest common divisor of 6178280 and 235592.
4808
Calculate the highest common factor of 116 and